{"id":1124,"date":"2024-12-11T12:02:35","date_gmt":"2024-12-11T11:02:35","guid":{"rendered":"https:\/\/motoribonora.weggagency.com\/?page_id=1124"},"modified":"2024-12-11T12:09:50","modified_gmt":"2024-12-11T11:09:50","slug":"lehrplaninformationen","status":"publish","type":"page","link":"https:\/\/motoribonora.com\/de\/informativa-curriculum\/","title":{"rendered":"Informationen zum Lehrplan"},"content":{"rendered":"<div data-elementor-type=\"wp-page\" data-elementor-id=\"1124\" class=\"elementor elementor-1124\" data-elementor-post-type=\"page\">\n\t\t\t\t<div class=\"elementor-element elementor-element-361e933 e-con-full e-flex e-con e-parent\" data-id=\"361e933\" data-element_type=\"container\" data-e-type=\"container\">\n\t\t\t\t<div class=\"elementor-element elementor-element-6d722d0 elementor-widget elementor-widget-heading\" data-id=\"6d722d0\" data-element_type=\"widget\" data-e-type=\"widget\" data-widget_type=\"heading.default\">\n\t\t\t\t<div class=\"elementor-widget-container\">\n\t\t\t\t\t<h2 class=\"elementor-heading-title elementor-size-default\">Informationen zum Lehrplan<\/h2>\t\t\t\t<\/div>\n\t\t\t\t<\/div>\n\t\t\t\t<div class=\"elementor-element elementor-element-05e6b71 elementor-widget elementor-widget-text-editor\" data-id=\"05e6b71\" data-element_type=\"widget\" data-e-type=\"widget\" data-widget_type=\"text-editor.default\">\n\t\t\t\t<div class=\"elementor-widget-container\">\n\t\t\t\t\t\t\t\t\t<p class=\"translation-block\"><b>Gegenstand<\/b>: Informationen gem\u00e4\u00df Art. 13 der Verordnung (EU) 2016\/679 - Europ\u00e4isches Parlament und Rat 27. April 2016 (Datenschutz-Grundverordnung)<\/p><p>Die betreffenden Rechtsvorschriften regeln den Schutz personenbezogener Daten und erlegen denjenigen, die solche Daten verarbeiten, eine Reihe von Verpflichtungen auf. Zu den Verpflichtungen, die erf\u00fcllt werden m\u00fcssen, geh\u00f6rt die Verpflichtung, die Person, auf die sich die Daten beziehen, zu informieren. In Anbetracht dessen und in Bezug auf die spontane \u00dcbermittlung Ihres Lebenslaufs. Wir informieren Sie dar\u00fcber:<\/p><p><strong>Identit\u00e4t und Kontaktangaben des f\u00fcr die Datenverarbeitung Verantwortlichen<\/strong><br \/>Bonora Motors S.p.A.<br \/>Via Reno Vecchio, 62<br \/>44042 Cento (FE) Italien<br \/>Steuernummer-Mehrwertsteuer-Code: 00051780385<br \/>CCIAA REA CODE FE 33526<\/p><p><strong>Zwecke der Verarbeitung, f\u00fcr die die personenbezogenen Daten bestimmt sind, und Rechtsgrundlage der Verarbeitung<\/strong><br \/>Die personenbezogenen Daten, die Sie und\/oder die von Ihnen angegebenen Kontaktpersonen betreffen und die von Ihnen oder Dritten angefordert oder mitgeteilt werden, sind erforderlich, um die entsprechenden Kontrollen zur \u00dcberpr\u00fcfung der Qualifikationen und Dienstzeugnisse im Vorfeld des vorliegenden Besch\u00e4ftigungsverh\u00e4ltnisses durchzuf\u00fchren.<\/p><p>Die Rechtsgrundlage, die die Verarbeitung rechtfertigt, ergibt sich aus dem Gesetz (Art. 6 Buchstabe C).<\/p><p>Der f\u00fcr die Verarbeitung Verantwortliche wird die erhaltenen personenbezogenen Daten nur zum Zweck der Personalauswahl und der Bewertung des Bewerberprofils in Bezug auf offene Stellen verarbeiten.<\/p><p class=\"translation-block\"><b>Natur der personenbezogenen Daten<br><\/b>Ihre personenbezogenen Daten, einschlie\u00dflich bestimmter Daten und Daten \u00fcber strafrechtliche Verurteilungen und Straftaten (falls vorhanden), werden f\u00fcr die in Kapitel 3 genannten Zwecke verarbeitet und verwendet. <br><span style=\"color: var( --e-global-colour-text );font-family: var( --e-global-typography-text-font-family ), Sans-serif;font-size: var( --e-global-typography-text-font-size );font-weight: var( --e-global-typography-text-font-weight );text-align: var(--text-align)\">Diese werden als \"besondere\" im Sinne des Art. 9 EU-VO 2016\/679, Daten, aus denen die rassische oder ethnische Herkunft, religi\u00f6se, philosophische oder sonstige \u00dcberzeugungen, politische Meinungen, die Zugeh\u00f6rigkeit zu politischen Parteien, Gewerkschaften, Verb\u00e4nden oder Organisationen mit religi\u00f6sem, philosophischem, politischem oder gewerkschaftlichem Charakter, der Gesundheitszustand und das Sexualleben hervorgehen. <\/span><span style=\"color: var( --e-global-color-text );font-family: var( --e-global-typography-text-font-family ), Sans-serif;font-size: var( --e-global-typography-text-font-size );font-weight: var( --e-global-typography-text-font-weight );text-align: var(--text-align)\">Die gesammelten personenbezogenen Daten geh\u00f6ren unter anderem zu folgenden Punkten: Schullaufbahn, Strafregister, Mitgliedschaft in Berufsverb\u00e4nden, Dienstzeugnisse, Referenzen, Gr\u00fcnde f\u00fcr die Beendigung fr\u00fcherer Besch\u00e4ftigungsverh\u00e4ltnisse, Internetpr\u00e4senz, tats\u00e4chliche fr\u00fchere Geh\u00e4lter, Gesch\u00e4ftsinformationen, Vorliegen von Zivilklagen, Konkursen usw.<\/span><\/p><p><b>Empf\u00e4nger oder Kategorien von Empf\u00e4ngern von personenbezogenen Daten<br \/><\/b>Die betreffenden Daten werden ausschlie\u00dflich aus organisatorischen Gr\u00fcnden den Personen zur Kenntnis gebracht, die als Verantwortliche und Beauftragte f\u00fcr die Datenverarbeitung benannt wurden, d.h. den Angestellten und Mitarbeitern des unterzeichnenden Unternehmens, um die unter Punkt 3 genannten Zwecke zu erf\u00fcllen.\u00a0<span style=\"color: var( --e-global-color-text ); font-family: var( --e-global-typography-text-font-family ), Sans-serif; font-size: var( --e-global-typography-text-font-size ); font-weight: var( --e-global-typography-text-font-weight ); text-align: var(--text-align);\">Personenbezogene Daten werden nicht weitergegeben, es sei denn, Sie geben Ihre ausdr\u00fcckliche Zustimmung.<\/span><\/p><p><b>\u00dcbermittlung von personenbezogenen Daten an ein Drittland oder eine internationale Organisation<br \/><\/b>Bitte beachten Sie, dass die oben genannten Daten nicht an ein Drittland oder eine internationale Organisation \u00fcbermittelt werden k\u00f6nnen.<\/p><p><b>Aufbewahrungsfrist f\u00fcr personenbezogene Daten\/Kriterien f\u00fcr die Festlegung dieser Frist<br \/><\/b>Die personenbezogenen Daten werden 12 Monate lang gespeichert und dann vernichtet.<\/p><p><b>Aus\u00fcbbare Rechte<br \/><\/b>Wir weisen Sie darauf hin und erinnern Sie daran, dass Sie neben der M\u00f6glichkeit, eine Beschwerde bei der Aufsichtsbeh\u00f6rde einzureichen, eine Reihe von Rechten aus\u00fcben k\u00f6nnen, die in der geltenden Gesetzgebung vorgesehen sind und die im Folgenden zusammengefasst werden: Art. 15 - das Auskunftsrecht der betroffenen Person; Art. 16 - das Recht auf Berichtigung; Art. 17 - das Recht auf L\u00f6schung (\"Recht auf Vergessenwerden\"); Art. 18 - das Recht auf Einschr\u00e4nkung der Verarbeitung; Art. 20 - das Recht auf Daten\u00fcbertragbarkeit; Art. 21 - das Widerspruchsrecht; Art. 22 - das Recht, keiner automatisierten Entscheidungsfindung, einschlie\u00dflich Profiling, unterworfen zu werden.\u00a0<span style=\"color: var( --e-global-color-text ); font-family: var( --e-global-typography-text-font-family ), Sans-serif; font-size: var( --e-global-typography-text-font-size ); font-weight: var( --e-global-typography-text-font-weight ); text-align: var(--text-align);\">Zum besseren Verst\u00e4ndnis sind diese Artikel in Anhang 1 vollst\u00e4ndig wiedergegeben).\u00a0<\/span><span style=\"color: var( --e-global-color-text ); font-family: var( --e-global-typography-text-font-family ), Sans-serif; font-size: var( --e-global-typography-text-font-size ); font-weight: var( --e-global-typography-text-font-weight ); text-align: var(--text-align);\">Die vorgenannten Rechte k\u00f6nnen (unter Verwendung des beigef\u00fcgten Formulars \"Formular zur Aus\u00fcbung der Rechte als Interessent\") per Einschreiben mit R\u00fcckschein oder per E-Mail an die in Abschnitt 1 genannten Adressen ausge\u00fcbt werden.<\/span><\/p><p><b>Fakultativer Charakter der Verleihung<br \/><\/b>Die Bereitstellung personenbezogener Daten ist fakultativ, aber, wie leicht zu verstehen ist, sind sie f\u00fcr die Durchf\u00fchrung der in Kapitel 3 beschriebenen Verarbeitungen unerl\u00e4sslich. Die Verweigerung der \u00dcbermittlung personenbezogener Daten macht es unm\u00f6glich, eine Arbeitsbeziehung herzustellen.<\/p><p>Wir nutzen diese Gelegenheit, um Ihnen unsere besten Gr\u00fc\u00dfe zu \u00fcbermitteln.<\/p><p>f.an den gesetzlichen Vertreter<\/p><p><b>Anh\u00e4nge<\/b><\/p><p>- Rechte, die von der betroffenen Person gem\u00e4\u00df der EU-Verordnung 2016\/679 ausge\u00fcbt werden k\u00f6nnen <a href=\"https:\/\/motoribonora.com\/wp-content\/uploads\/2024\/12\/MAS0401-06-Rev02-Informativa-Diritti-Interessati.pdf\" target=\"_blank\" rel=\"noopener\">Link<\/a> (pdf)<br \/><span style=\"color: var( --e-global-color-text ); font-family: var( --e-global-typography-text-font-family ), Sans-serif; font-size: var( --e-global-typography-text-font-size ); font-weight: var( --e-global-typography-text-font-weight ); text-align: var(--text-align);\">- Modell f\u00fcr die Aus\u00fcbung des Rechts <\/span><a style=\"font-family: var( --e-global-typography-text-font-family ), Sans-serif; font-size: var( --e-global-typography-text-font-size ); font-weight: var( --e-global-typography-text-font-weight ); text-align: var(--text-align); background-color: #ffffff;\" href=\"https:\/\/motoribonora.com\/wp-content\/uploads\/2024\/12\/MAS0404-Rev02-Modello-Esercizio-Diritti-Interessato.docx\" target=\"_blank\" rel=\"noopener\">Link<\/a><span style=\"color: var( --e-global-color-text ); font-family: var( --e-global-typography-text-font-family ), Sans-serif; font-size: var( --e-global-typography-text-font-size ); font-weight: var( --e-global-typography-text-font-weight ); text-align: var(--text-align);\"> (Wort)<\/span><\/p>\t\t\t\t\t\t\t\t<\/div>\n\t\t\t\t<\/div>\n\t\t\t\t<\/div>\n\t\t\t\t<\/div>","protected":false},"excerpt":{"rendered":"<p>Oggetto: Informativa ai sensi dell\u2019Art. 13 del Regolamento (U.E) 2016\/679 \u2013 Parlamento europeo e Consiglio 27 aprile 2016 (Regolamento generale sulla protezione dei dati) La normativa indicata in oggetto regola la protezione dei dati personali ed impone una serie di obblighi a carico di chi esegue trattamenti sui citati dati. Tra gli adempimenti da rispettare [&hellip;]<\/p>\n","protected":false},"author":1,"featured_media":0,"parent":0,"menu_order":0,"comment_status":"closed","ping_status":"closed","template":"elementor_header_footer","meta":{"_acf_changed":false,"footnotes":""},"class_list":["post-1124","page","type-page","status-publish","hentry"],"acf":[],"_links":{"self":[{"href":"https:\/\/motoribonora.com\/de\/wp-json\/wp\/v2\/pages\/1124","targetHints":{"allow":["GET"]}}],"collection":[{"href":"https:\/\/motoribonora.com\/de\/wp-json\/wp\/v2\/pages"}],"about":[{"href":"https:\/\/motoribonora.com\/de\/wp-json\/wp\/v2\/types\/page"}],"author":[{"embeddable":true,"href":"https:\/\/motoribonora.com\/de\/wp-json\/wp\/v2\/users\/1"}],"replies":[{"embeddable":true,"href":"https:\/\/motoribonora.com\/de\/wp-json\/wp\/v2\/comments?post=1124"}],"version-history":[{"count":0,"href":"https:\/\/motoribonora.com\/de\/wp-json\/wp\/v2\/pages\/1124\/revisions"}],"wp:attachment":[{"href":"https:\/\/motoribonora.com\/de\/wp-json\/wp\/v2\/media?parent=1124"}],"curies":[{"name":"wp","href":"https:\/\/api.w.org\/{rel}","templated":true}]}}

<div data-elementor-type="wp-page" data-elementor-id="1124" class="elementor elementor-1124" data-elementor-post-type="page">
				<div class="elementor-element elementor-element-361e933 e-con-full e-flex e-con e-parent" data-id="361e933" data-element_type="container" data-e-type="container">
				<div class="elementor-element elementor-element-6d722d0 elementor-widget elementor-widget-heading" data-id="6d722d0" data-element_type="widget" data-e-type="widget" data-widget_type="heading.default">
				<div class="elementor-widget-container">
					<h2 class="elementor-heading-title elementor-size-default">Informationen zum Lehrplan</h2>				</div>
				</div>
				<div class="elementor-element elementor-element-05e6b71 elementor-widget elementor-widget-text-editor" data-id="05e6b71" data-element_type="widget" data-e-type="widget" data-widget_type="text-editor.default">
				<div class="elementor-widget-container">
									<p class="translation-block"><b>Gegenstand</b>: Informationen gemäß Art. 13 der Verordnung (EU) 2016/679 - Europäisches Parlament und Rat 27. April 2016 (Datenschutz-Grundverordnung)</p><p>Die betreffenden Rechtsvorschriften regeln den Schutz personenbezogener Daten und erlegen denjenigen, die solche Daten verarbeiten, eine Reihe von Verpflichtungen auf. Zu den Verpflichtungen, die erfüllt werden müssen, gehört die Verpflichtung, die Person, auf die sich die Daten beziehen, zu informieren. In Anbetracht dessen und in Bezug auf die spontane Übermittlung Ihres Lebenslaufs. Wir informieren Sie darüber:</p><p><strong>Identität und Kontaktangaben des für die Datenverarbeitung Verantwortlichen</strong><br />Bonora Motors S.p.A.<br />Via Reno Vecchio, 62<br />44042 Cento (FE) Italien<br />Steuernummer-Mehrwertsteuer-Code: 00051780385<br />CCIAA REA CODE FE 33526</p><p><strong>Zwecke der Verarbeitung, für die die personenbezogenen Daten bestimmt sind, und Rechtsgrundlage der Verarbeitung</strong><br />Die personenbezogenen Daten, die Sie und/oder die von Ihnen angegebenen Kontaktpersonen betreffen und die von Ihnen oder Dritten angefordert oder mitgeteilt werden, sind erforderlich, um die entsprechenden Kontrollen zur Überprüfung der Qualifikationen und Dienstzeugnisse im Vorfeld des vorliegenden Beschäftigungsverhältnisses durchzuführen.</p><p>Die Rechtsgrundlage, die die Verarbeitung rechtfertigt, ergibt sich aus dem Gesetz (Art. 6 Buchstabe C).</p><p>Der für die Verarbeitung Verantwortliche wird die erhaltenen personenbezogenen Daten nur zum Zweck der Personalauswahl und der Bewertung des Bewerberprofils in Bezug auf offene Stellen verarbeiten.</p><p class="translation-block"><b>Natur der personenbezogenen Daten<br></b>Ihre personenbezogenen Daten, einschließlich bestimmter Daten und Daten über strafrechtliche Verurteilungen und Straftaten (falls vorhanden), werden für die in Kapitel 3 genannten Zwecke verarbeitet und verwendet. <br><span style="color: var( --e-global-colour-text );font-family: var( --e-global-typography-text-font-family ), Sans-serif;font-size: var( --e-global-typography-text-font-size );font-weight: var( --e-global-typography-text-font-weight );text-align: var(--text-align)">Diese werden als "besondere" im Sinne des Art. 9 EU-VO 2016/679, Daten, aus denen die rassische oder ethnische Herkunft, religiöse, philosophische oder sonstige Überzeugungen, politische Meinungen, die Zugehörigkeit zu politischen Parteien, Gewerkschaften, Verbänden oder Organisationen mit religiösem, philosophischem, politischem oder gewerkschaftlichem Charakter, der Gesundheitszustand und das Sexualleben hervorgehen. </span><span style="color: var( --e-global-color-text );font-family: var( --e-global-typography-text-font-family ), Sans-serif;font-size: var( --e-global-typography-text-font-size );font-weight: var( --e-global-typography-text-font-weight );text-align: var(--text-align)">Die gesammelten personenbezogenen Daten gehören unter anderem zu folgenden Punkten: Schullaufbahn, Strafregister, Mitgliedschaft in Berufsverbänden, Dienstzeugnisse, Referenzen, Gründe für die Beendigung früherer Beschäftigungsverhältnisse, Internetpräsenz, tatsächliche frühere Gehälter, Geschäftsinformationen, Vorliegen von Zivilklagen, Konkursen usw.</span></p><p><b>Empfänger oder Kategorien von Empfängern von personenbezogenen Daten<br /></b>Die betreffenden Daten werden ausschließlich aus organisatorischen Gründen den Personen zur Kenntnis gebracht, die als Verantwortliche und Beauftragte für die Datenverarbeitung benannt wurden, d.h. den Angestellten und Mitarbeitern des unterzeichnenden Unternehmens, um die unter Punkt 3 genannten Zwecke zu erfüllen. <span style="color: var( --e-global-color-text ); font-family: var( --e-global-typography-text-font-family ), Sans-serif; font-size: var( --e-global-typography-text-font-size ); font-weight: var( --e-global-typography-text-font-weight ); text-align: var(--text-align);">Personenbezogene Daten werden nicht weitergegeben, es sei denn, Sie geben Ihre ausdrückliche Zustimmung.</span></p><p><b>Übermittlung von personenbezogenen Daten an ein Drittland oder eine internationale Organisation<br /></b>Bitte beachten Sie, dass die oben genannten Daten nicht an ein Drittland oder eine internationale Organisation übermittelt werden können.</p><p><b>Aufbewahrungsfrist für personenbezogene Daten/Kriterien für die Festlegung dieser Frist<br /></b>Die personenbezogenen Daten werden 12 Monate lang gespeichert und dann vernichtet.</p><p><b>Ausübbare Rechte<br /></b>Wir weisen Sie darauf hin und erinnern Sie daran, dass Sie neben der Möglichkeit, eine Beschwerde bei der Aufsichtsbehörde einzureichen, eine Reihe von Rechten ausüben können, die in der geltenden Gesetzgebung vorgesehen sind und die im Folgenden zusammengefasst werden: Art. 15 - das Auskunftsrecht der betroffenen Person; Art. 16 - das Recht auf Berichtigung; Art. 17 - das Recht auf Löschung ("Recht auf Vergessenwerden"); Art. 18 - das Recht auf Einschränkung der Verarbeitung; Art. 20 - das Recht auf Datenübertragbarkeit; Art. 21 - das Widerspruchsrecht; Art. 22 - das Recht, keiner automatisierten Entscheidungsfindung, einschließlich Profiling, unterworfen zu werden. <span style="color: var( --e-global-color-text ); font-family: var( --e-global-typography-text-font-family ), Sans-serif; font-size: var( --e-global-typography-text-font-size ); font-weight: var( --e-global-typography-text-font-weight ); text-align: var(--text-align);">Zum besseren Verständnis sind diese Artikel in Anhang 1 vollständig wiedergegeben). </span><span style="color: var( --e-global-color-text ); font-family: var( --e-global-typography-text-font-family ), Sans-serif; font-size: var( --e-global-typography-text-font-size ); font-weight: var( --e-global-typography-text-font-weight ); text-align: var(--text-align);">Die vorgenannten Rechte können (unter Verwendung des beigefügten Formulars "Formular zur Ausübung der Rechte als Interessent") per Einschreiben mit Rückschein oder per E-Mail an die in Abschnitt 1 genannten Adressen ausgeübt werden.</span></p><p><b>Fakultativer Charakter der Verleihung<br /></b>Die Bereitstellung personenbezogener Daten ist fakultativ, aber, wie leicht zu verstehen ist, sind sie für die Durchführung der in Kapitel 3 beschriebenen Verarbeitungen unerlässlich. Die Verweigerung der Übermittlung personenbezogener Daten macht es unmöglich, eine Arbeitsbeziehung herzustellen.</p><p>Wir nutzen diese Gelegenheit, um Ihnen unsere besten Grüße zu übermitteln.</p><p>f.an den gesetzlichen Vertreter</p><p><b>Anhänge</b></p><p>- Rechte, die von der betroffenen Person gemäß der EU-Verordnung 2016/679 ausgeübt werden können <a href="https://motoribonora.com/wp-content/uploads/2024/12/MAS0401-06-Rev02-Informativa-Diritti-Interessati.pdf" target="_blank" rel="noopener">Link</a> (pdf)<br /><span style="color: var( --e-global-color-text ); font-family: var( --e-global-typography-text-font-family ), Sans-serif; font-size: var( --e-global-typography-text-font-size ); font-weight: var( --e-global-typography-text-font-weight ); text-align: var(--text-align);">- Modell für die Ausübung des Rechts </span><a style="font-family: var( --e-global-typography-text-font-family ), Sans-serif; font-size: var( --e-global-typography-text-font-size ); font-weight: var( --e-global-typography-text-font-weight ); text-align: var(--text-align); background-color: #ffffff;" href="https://motoribonora.com/wp-content/uploads/2024/12/MAS0404-Rev02-Modello-Esercizio-Diritti-Interessato.docx" target="_blank" rel="noopener">Link</a><span style="color: var( --e-global-color-text ); font-family: var( --e-global-typography-text-font-family ), Sans-serif; font-size: var( --e-global-typography-text-font-size ); font-weight: var( --e-global-typography-text-font-weight ); text-align: var(--text-align);"> (Wort)</span></p>								</div>
				</div>
				</div>
				</div>
